{"id":172,"date":"2013-01-07T10:44:05","date_gmt":"2013-01-07T09:44:05","guid":{"rendered":"http:\/\/kontext-wunderlich.de\/?page_id=172"},"modified":"2021-02-08T10:52:01","modified_gmt":"2021-02-08T09:52:01","slug":"unsere-arbeitskontexte","status":"publish","type":"page","link":"http:\/\/kontext.dto-server.de\/?page_id=172","title":{"rendered":"Arbeitskontexte"},"content":{"rendered":"<p>Ich verf\u00fcge \u00fcber ein breites Spektrum an Erfahrungen in unterschiedlichen Arbeitsfeldern. Mit meinen Auftraggebern verbinden mich langj\u00e4hrige vertrauensvolle Arbeitsbeziehungen. Diese sind zum Beispiel in den folgenden Bereichen t\u00e4tig:<\/p>\n<ul>\n<li style=\"list-style-type: none;\">\n<ul>\n<li>Personal- und Organisations\u00e4mter<\/li>\n<li>Beh\u00f6rden<\/li>\n<li>Aus- und Fortbildungszentren<\/li>\n<li>Kinder- und Jugendhilfe<\/li>\n<li>Bundesverband f\u00fcr Kindertagespflege sowie Kindertagesst\u00e4tten<\/li>\n<li>Berufsbildung<\/li>\n<li>Gesundheit \/ Pflege<\/li>\n<li>Wohlfahrtsverb\u00e4nde<\/li>\n<li>Integrationsfachdienste\u00a0<\/li>\n<\/ul>\n<\/li>\n<\/ul>\n<p>F\u00fcr konkrete Ausk\u00fcnfte und Referenzen, nehmen Sie bitte gerne Kontakt mit mir auf.<\/p>\n\n\n<p><\/p>\n","protected":false},"excerpt":{"rendered":"<p>Ich verf\u00fcge \u00fcber ein breites Spektrum an Erfahrungen in unterschiedlichen Arbeitsfeldern. Mit meinen Auftraggebern verbinden mich langj\u00e4hrige vertrauensvolle Arbeitsbeziehungen. Diese sind zum Beispiel in den folgenden Bereichen t\u00e4tig: Personal- und Organisations\u00e4mter Beh\u00f6rden Aus- und Fortbildungszentren Kinder- und Jugendhilfe Bundesverband f\u00fcr Kindertagespflege sowie Kindertagesst\u00e4tten Berufsbildung Gesundheit \/ Pflege Wohlfahrtsverb\u00e4nde Integrationsfachdienste\u00a0 F\u00fcr konkrete Ausk\u00fcnfte und Referenzen, nehmen &hellip; <\/p>\n<p class=\"link-more\"><a href=\"http:\/\/kontext.dto-server.de\/?page_id=172\" class=\"more-link\"><span class=\"screen-reader-text\">\u201eArbeitskontexte\u201c<\/span> weiterlesen<\/a><\/p>\n","protected":false},"author":1,"featured_media":0,"parent":0,"menu_order":6,"comment_status":"closed","ping_status":"closed","template":"","meta":{"footnotes":""},"_links":{"self":[{"href":"http:\/\/kontext.dto-server.de\/index.php?rest_route=\/wp\/v2\/pages\/172"}],"collection":[{"href":"http:\/\/kontext.dto-server.de\/index.php?rest_route=\/wp\/v2\/pages"}],"about":[{"href":"http:\/\/kontext.dto-server.de\/index.php?rest_route=\/wp\/v2\/types\/page"}],"author":[{"embeddable":true,"href":"http:\/\/kontext.dto-server.de\/index.php?rest_route=\/wp\/v2\/users\/1"}],"replies":[{"embeddable":true,"href":"http:\/\/kontext.dto-server.de\/index.php?rest_route=%2Fwp%2Fv2%2Fcomments&post=172"}],"version-history":[{"count":12,"href":"http:\/\/kontext.dto-server.de\/index.php?rest_route=\/wp\/v2\/pages\/172\/revisions"}],"predecessor-version":[{"id":473,"href":"http:\/\/kontext.dto-server.de\/index.php?rest_route=\/wp\/v2\/pages\/172\/revisions\/473"}],"wp:attachment":[{"href":"http:\/\/kontext.dto-server.de\/index.php?rest_route=%2Fwp%2Fv2%2Fmedia&parent=172"}],"curies":[{"name":"wp","href":"https:\/\/api.w.org\/{rel}","templated":true}]}}